of (97*(-3792)/24)/((-1)/2)?
5
Let y(p) = -2*p**3 - 164*p**2 - p - 799. What is the ten thousands digit of y(-84)?
2
Let m(n) = -n**2 - 1. Let w(r) = -427*r**3 + r**2 - 3*r. Let u(o) = 2*m(o) + w(o). What is the tens digit of u(-1)?
2
Let a(w) = -w**2 - 26*w + 35. Let q be a(-20). Suppose -2*s = -q - 97. Suppose -s = -4*b - 2*p, -3 + 5 = 2*p. What is the units digit of b?
1
Let y(u) be the second derivative of 2/3*u**3 + 0 - 27/2*u**2 + 13*u. What is the tens digit of y(16)?
3
Suppose 8*r - 4156 - 244 = 0. Let k = 785 - r. What is the tens digit of k?
3
Let a(u) = 22 + 723*u - 724*u + 46. What is the units digit of a(7)?
1
Let r = -29 - -34. Suppose -r*m - 20 + 25 = 0. What is the tens digit of 11 + 5 + (m - -2)*-1?
1
Suppose 6*p - 585 = -27. Let l = 69 - p. What is the hundreds digit of (-1389)/(-9) - -2 - l/36?
1
Let q = 4945 + 2772. What is the thousands digit of q?
7
Suppose r - 386 = -3*v, -3*r + 7*r - 3*v - 1484 = 0. Suppose 10*j + r = 6354. What is the units digit of j?
8
Let k be 7/4 - (-57)/228. Suppose 4*p = -k*g - g + 889, -880 = -3*g + 5*p. What is the hundreds digit of g?
2
What is the hundreds digit of 7975/10*48/20?
9
Let w(t) = t**3 - 78*t**2 + 167*t + 21. What is the hundreds digit of w(77)?
9
Let o(y) = 44*y**2 - 12*y - 8. Let z be (-4)/(-46) - (-2632)/(-644). What is the tens digit of o(z)?
4
Suppose 4*o + 12 = 0, 0 = 4*w + o - 41 - 36. Let f be ((-8)/w)/((-6)/30). Suppose 2*h - 110 - f = 0. What is the tens digit of h?
5
Let z be (8 + -7)/(((-1)/(-114))/(-1)). Let c = z - -132. What is the units digit of c?
8
Suppose 5816 = 2*q - 6*q. Let k be 3/(-3) - q/((-6)/(-3)). Suppose 0*d + 6*d - k = 0. What is the units digit of d?
1
Let r(g) = -g + 2. Let q be r(2). Suppose o - 2*l - 108 = q, 68 = o - l - 41. Let n = o + -36. What is the units digit of n?
4
Let t(k) = 379*k - 2914. What is the units digit of t(11)?
5
Suppose 3*y - 4*t - 9558 = 13492, 4*y = -5*t + 30785. Let w be (y/(-35) - -6) + (-2)/7. Let v = w + 397. What is the tens digit of v?
8
Suppose -2*m = 903*p - 906*p - 22092, -2*p + 11053 = m. What is the thousands digit of m?
1
Suppose 1 = -b + 9. Let k(a) = b*a**3 - 5*a + 6 - 2548*a**2 + 2551*a**2 - 2*a**3. What is the units digit of k(2)?
6
Suppose 3*p = 5 + 7. Suppose 3*l - 20 = -5*n, 4*l - 2*n = -p*n + 22. Suppose -l*g = -16*g + 1837. What is the tens digit of g?
6
Let k = 10 + -3. Suppose -y = -k + 25. Let q = 75 + y. What is the units digit of q?
7
Let p be (-11978)/(-10) - (-9 + (-440)/(-50)). Suppose 4*z - p - 218 = 0. What is the units digit of z?
4
Let j be 1 - 526*(-1)/2. What is the tens digit of j - 10/(-5) - 0?
6
Suppose -j = -4*u + 23778 + 2051, -5 = 5*j. Suppose -30*b = -41*b + u. What is the hundreds digit of b?
5
Let n = 55 + -29. Suppose -3*g + 31 = -8*g - f, 0 = 4*g + 2*f + n. What is the units digit of (-122)/(-4) - (-1 + g/(-4))?
0
What is the thousands digit of (-102411)/(-27) + (-3 - -13) + -3?
3
Suppose x + 5*k = -0*x - 14, 0 = 3*x - 4*k + 23. What is the tens digit of (-4293)/x - (1 - 7)?
8
Let n be ((-117)/27 - -4)*0. Suppose -41*k + 48084 + 15343 = n. What is the units digit of k?
7
Suppose 3 = 5*q - 3*u, -4*u - 35 = -5*q - 9*u. Suppose 13*x - 15*x + 2*c = -198, q*c - 291 = -3*x. What is the units digit of x?
8
Let r be (-3)/(-1) + (-536)/4. Let l = r - -561. Suppose 7*n = 12*n - l. What is the tens digit of n?
8
Let w(l) = 1870*l**2 + 78*l + 13. What is the hundreds digit of w(-4)?
6
Suppose 3*h - 25874 = -4*d, h + 105*d = 107*d + 8608. What is the units digit of h?
8
Let a(p) = -p**3 + 15*p**2 + 17*p - 16. Let x be a(16). Suppose 2*q + 124 - 24 = x. What is the tens digit of q*(0 + (-8)/10)?
4
Let n = -5004 + 10456. What is the thousands digit of n?
5
Let a = -8 - -7. Let t(h) = h**3 - h + 1. Let u(o) = 4*o**3 - 15*o**2 + 5*o + 14. Let g(m) = a*u(m) + 3*t(m). What is the units digit of g(14)?
3
Let z(a) be the third derivative of -17*a**4/12 - 39*a**3/2 - 32*a**2. What is the units digit of z(-11)?
7
Let s = 430 + -370. Let g = 244 - s. What is the hundreds digit of g?
1
Let i be (-2)/7 + 48/21. Let r(q) = -5 + 2 + 30*q**2 - 5 + 4*q - 2. What is the units digit of r(i)?
8
Suppose x + 9 = -4*l, 5*x = 5*l - 3*l - 23. Let s be 6/(-4)*(l - 7). Suppose s = 4*g - 484. What is the tens digit of g?
2
Let l be 574/8 + 1/4. Let y(h) = -88*h - 5. Let i be y(-3). Suppose -l = -2*n + 2*w + 172, -2*n - w + i = 0. What is the tens digit of n?
2
What is the tens digit of (-3210)/(-428)*2168/3?
2
Suppose -19*g - 29032 = -0*g. Let q = -1064 - g. What is the units digit of q?
4
Let a = 105 - 110. Let g(t) = -2*t**3 - 3*t**2 - 7*t - 14. What is the tens digit of g(a)?
9
Suppose -y = 5*z - 2, -9*z + 6*z + 6 = 0. What is the tens digit of (-461)/(-2)*-4*y/16?
6
Suppose -5*i - 25 = 0, -i - 6165 - 12278 = -3*q. What is the thousands digit of q?
6
Suppose -16*z - 25732 = -17*z. Suppose 0 = -48*i + z + 46508. What is the thousands digit of i?
1
Suppose 647*n = 646*n + 3809. What is the tens digit of n?
0
What is the tens digit of (-474)/(-2212) + 3 + 247329/42?
9
Let w(i) = -3*i**2 - 50*i + 20. Let d be w(-17). Suppose d*y = 3*f - 1284, 2*f + y = -0*f + 862. What is the units digit of f?
0
Let r = 42769 - 10380. What is the ten thousands digit of r?
3
Let r(s) = -145*s + 42. Let a(v) = -577*v + 167. Let z(x) = -2*a(x) + 9*r(x). What is the units digit of z(-6)?
0
Suppose r - 41779 = -37*i + 35*i, -208881 = -5*r - 3*i. What is the tens digit of r?
7
Let n = -41317 + 84961. What is the units digit of n?
4
Let q be (880 - 0) + -14 + (5 - -15). Suppose 4*r - q = 3818. What is the units digit of r?
6
Suppose -5*d = 2*g - 52748, 112365 = 5*g + 3*d - 19581. What is the hundreds digit of g?
3
Let j(s) = 4929*s - 7170. What is the thousands digit of j(17)?
6
Let c = -510 - -1224. Suppose -690 = -2*a + 5*v, 13*a - c = 11*a - v. What is the hundreds digit of a?
3
Suppose 16 = 2*h - 2*g, g + 20 = -0*h + 2*h. Suppose -h*p + 10*p + 2 = 0. What is the tens digit of 152 + 1*(-2)/p?
5
Suppose 11*g = 16540 + 5042. What is the thousands digit of g?
1
Let q(j) be the third derivative of 73*j**5/60 + j**4/24 - j**3/3 - 26*j**2. Let o be q(2). Let s = -143 + o. What is the tens digit of s?
4
Suppose 42*s + 5*l + 112120 = 47*s, -3*s = 3*l - 67302. What is the ten thousands digit of s?
2
Let m(z) = -2*z + 20. Let i be m(8). Suppose -8*f = i*f - 2220. What is the units digit of f?
5
Let b be (-3 - (-14)/4) + (-39)/(-2). Let w = 23 - b. What is the units digit of (w/9)/((-3)/(-477))?
3
Let x be (927 - -6)*(4/(-6) - -2). Suppose 900 = -8*s - x. What is the tens digit of s/(-8 + 4) + -1 + 3?
6
Let w(b) = -7*b**2 - 22 - 7*b - b**2 + 9*b**2. Let v be w(12). Let d = v + 29. What is the tens digit of d?
6
Let w be (4/13)/(36/234). Suppose -4*c - 4176 = -4*d, 4*d - w*c - 2285 = 1887. What is the units digit of d?
2
What is the thousands digit of 1373 - (-23)/((-207)/18)?
1
Suppose 3*g = 2*i - g + 4, -27 = -3*i - 5*g. Suppose i*y - 2*y - 1236 = 0. Suppose -5*k - k = -y. What is the hundreds digit of k?
1
Let x(u) = 2*u**3 - 3*u**2 + 5*u - 4. Let d be x(5). Let q = 30 + d. What is the tens digit of q?
2
Let g(q) = 2*q**3 + 138*q**2 + 136*q + 247. What is the tens digit of g(-66)?
0
Let p = -93 - -95. Let k(u) = -102*u + 53*u + 48*u - u**3 - 5*u**p + 18. What is the units digit of k(-8)?
8
Let a(h) = 7*h**2 + 2*h - 8 + 9*h**2 - h - 7*h**2. Let l be a(-3). Suppose 0 = v - 3*r - 7 - 14, l = 2*v + r. What is the units digit of v?
3
Let u(p) = -4*p**3 + 20*p**2 + 9*p - 29. Let g be u(12). Let d = -2790 - g. What is the units digit of d?
3
Suppose -3*i + 8*i + 9 = d, 4*i + 12 = -4*d. What is the tens digit of (1*(-614)/(-4))/(i/(-12))?
2
Let l(b) = 8*b**2 - 13*b - 4 - 14*b - 5*b**2. What is the units digit of l(25)?
6
Suppose 0 = 48*r - 44*r - 583088. What is the units digit of 2/15 - (r/(-165))/4?
1
Suppose 119968 = 51*n - 43*n. What is the ten thousands digit of n?
1
Let h(m) = -6*m**3 - 7*m**2 + 5*m - 11. Suppose 70 = -2*f + 60. What is the hundreds digit of h(f)?
5
Suppose 2*u = 3*h + 2 - 12, 1 = u. Suppose -h*g + 172 = 12. What is the units digit of 420/g*16/3?
6
Suppose -11 = -3*j + 10. Let b(z) = -3*z + 4. Let h be b(-2). Suppose -j*i + 1836 = h*i. What is the hundreds digit of i?
1
Let w = 50151 + -33250. What is the units digit of w?
1
Suppo